
Calculate the remainder when 3914 is divided by 70.
64
What is the remainder when 198 is divided by 46?
14
What is the remainder when 303 is divided by 150?
3
What is the remainder when 620 is divided by 79?
67
What is the remainder when 6430 is divided by 74?
66
What is the remainder when 16380 is divided by 29?
24
What is the remainder when 1501 is divided by 4?
1
Calculate the remainder when 56 is divided by 43.
13
Calculate the remainder when 561 is divided by 95.
86
What is the remainder when 2201 is divided by 170?
161
Calculate the remainder when 1274 is divided by 44.
42
Calculate the remainder when 98 is divided by 13.
7
What is the remainder when 262 is divided by 24?
22
What is the remainder when 1167 is divided by 15?
12
Calculate the remainder when 209 is divided by 18.
11
What is the remainder when 12142 is divided by 9?
1
What is the remainder when 327 is divided by 169?
158
Calculate the remainder when 133 is divided by 69.
64
Calculate the remainder when 2800 is divided by 82.
12
What is the remainder when 14447 is divided by 139?
130
Calculate the remainder when 258 is divided by 4.
2
What is the remainder when 163 is divided by 40?
3
Calculate the remainder when 702 is divided by 305.
92
Calculate the remainder when 629 is divided by 52.
5
What is the remainder when 544 is divided by 21?
19
What is the remainder when 885 is divided by 126?
3
What is the remainder when 519 is divided by 88?
79
Calculate the remainder when 365 is divided by 105.
50
Calculate the remainder when 9738 is divided by 87.
81
Calculate the remainder when 167 is divided by 80.
7
What is the remainder when 181 is divided by 16?
5
What is the remainder when 84 is divided by 28?
0
What is the remainder when 495 is divided by 199?
97
What is the remainder when 1001 is divided by 203?
189
Calculate the remainder when 110 is divided by 52.
6
What is the remainder when 93 is divided by 19?
17
Calculate the remainder when 170 is divided by 169.
1
What is the remainder when 67 is divided by 23?
21
Calculate the remainder when 4971 is divided by 54.
3
Calculate the remainder when 737 is divided by 98.
51
What is the remainder when 3670 is divided by 216?
214
What is the remainder when 309 is divided by 48?
21
Calculate the remainder when 12747 is divided by 102.
99
What is the remainder when 208 is divided by 15?
13
Calculate the remainder when 31 is divided by 15.
1
What is the remainder when 629 is divided by 48?
5
Calculate the remainder when 283 is divided by 3.
1
What is the remainder when 2100 is divided by 123?
9
Calculate the remainder when 56 is divided by 20.
16
What is the remainder when 49 is divided by 10?
9
What is the remainder when 15 is divided by 9?
6
Calculate the remainder when 316 is divided by 29.
26
Calculate the remainder when 134 is divided by 18.
8
Calculate the remainder when 1247 is divided by 25.
22
Calculate the remainder when 328 is divided by 12.
4
What is the remainder when 417 is divided by 68?
9
What is the remainder when 1072 is divided by 215?
212
Calculate the remainder when 77 is divided by 27.
23
Calculate the remainder when 1895 is divided by 35.
5
Calculate the remainder when 3056 is divided by 3003.
53
Calculate the remainder when 936 is divided by 105.
96
Calculate the remainder when 74 is divided by 5.
4
Calculate the remainder when 4078 is divided by 51.
49
What is the remainder when 466 is divided by 30?
16
What is the remainder when 239 is divided by 231?
8
What is the remainder when 1579 is divided by 51?
49
Calculate the remainder when 50 is divided by 28.
22
What is the remainder when 839 is divided by 42?
41
What is the remainder when 1317 is divided by 54?
21
What is the remainder when 56 is divided by 4?
0
Calculate the remainder when 272 is divided by 53.
7
What is the remainder when 1185 is divided by 12?
9
What is the remainder when 2341 is divided by 34?
29
What is the remainder when 305 is divided by 27?
8
What is the remainder when 890 is divided by 47?
44
What is the remainder when 406 is divided by 16?
6
Calculate the remainder when 373 is divided by 150.
73
What is the remainder when 2593 is divided by 38?
9
What is the remainder when 3624 is divided by 42?
12
Calculate the remainder when 83 is divided by 43.
40
What is the remainder when 68 is divided by 10?
8
What is the remainder when 2461 is divided by 144?
13
What is the remainder when 745 is divided by 24?
1
What is the remainder when 1240 is divided by 6?
4
Calculate the remainder when 7147 is divided by 130.
127
What is the remainder when 7 is divided by 4?
3
Calculate the remainder when 5656 is divided by 138.
136
Calculate the remainder when 587 is divided by 118.
115
What is the remainder when 2077 is divided by 65?
62
What is the remainder when 250 is divided by 42?
40
Calculate the remainder when 1006 is divided by 72.
70
What is the remainder when 1652 is divided by 334?
316
Calculate the remainder when 166 is divided by 24.
22
Calculate the remainder when 19 is divided by 6.
1
What is the remainder when 3588 is divided by 29?
21
Calculate the remainder when 113 is divided by 13.
9
What is the remainder when 322 is divided by 24?
10
What is the remainder when 262 is divided by 44?
42
What is the remainder when 303 is divided by 16?
15
Calculate the remainder when 4775 is divided by 1178.
63
Calculate the remainder when 1159 is divided by 58.
57
Calculate the remainder when 1347 is divided by 71.
69
What is the remainder when 8553 is divided by 23?
20
Calculate the remainder when 1722 is divided by 216.
210
What is the remainder when 219 is divided by 129?
90
Calculate the remainder when 1496 is divided by 220.
176
What is the remainder when 1194 is divided by 13?
11
Calculate the remainder when 604 is divided by 87.
82
What is the remainder when 223 is divided by 211?
12
What is the remainder when 44661 is divided by 163?
162
Calculate the remainder when 648 is divided by 129.
3
What is the remainder when 2476 is divided by 2472?
4
What is the remainder when 35 is divided by 3?
2
What is the remainder when 7 is divided by 4?
3
What is the remainder when 189 is divided by 63?
0
Calculate the remainder when 943 is divided by 63.
61
What is the remainder when 51 is divided by 15?
6
What is the remainder when 5394 is divided by 24?
18
Calculate the remainder when 720 is divided by 11.
5
Calculate the remainder when 427 is divided by 72.
67
Calculate the remainder when 1164 is divided by 73.
69
What is the remainder when 1359 is divided by 40?
39
What is the remainder when 543 is divided by 176?
15
What is the remainder when 51 is divided by 36?
15
What is the remainder when 1736 is divided by 156?
20
Calculate the remainder when 196 is divided by 92.
12
Calculate the remainder when 270 is divided by 13.
10
Calculate the remainder when 285 is divided by 6.
3
Calculate the remainder when 12339 is divided by 66.
63
What is the remainder when 280 is divided by 77?
49
What is the remainder when 863 is divided by 114?
65
What is the remainder when 213 is divided by 9?
6
What is the remainder when 6168 is divided by 19?
12
What is the remainder when 7316 is divided by 166?
12
What is the remainder when 6871 is divided by 13?
7
Calculate the remainder when 249 is divided by 40.
9
Calculate the remainder when 82 is divided by 82.
0
Calculate the remainder when 48 is divided by 4.
0
What is the remainder when 181 is divided by 56?
13
Calculate the remainder when 71 is divided by 25.
21
Calculate the remainder when 171 is divided by 35.
31
What is the remainder when 513 is divided by 11?
7
What is the remainder when 998 is divided by 9?
8
Calculate the remainder when 14336 is divided by 107.
105
Calculate the remainder when 1334 is divided by 133.
4
What is the remainder when 101 is divided by 60?
41
Calculate the remainder when 187 is divided by 14.
5
What is the remainder when 125 is divided by 32?
29
Calculate the remainder when 71 is divided by 24.
23
Calculate the remainder when 116 is divided by 110.
6
Calculate the remainder when 2422 is divided by 15.
7
Calculate the remainder when 16 is divided by 8.
0
What is the remainder when 311 is divided by 6?
5
Calculate the remainder when 1412 is divided by 16.
4
Calculate the remainder when 14